t common factor of t and 7?
7
Suppose 2*x - 4*b = b + 122, -5*x + b + 328 = 0. What is the greatest common divisor of 44 and x?
22
Let c be 21/(-3) - 8478/(-54). Calculate the greatest common divisor of 48 and c.
6
Let n = 22 - 10. Suppose 2*k - u - 8 = k, 2*k - u = n. Suppose 34 = v - 2*g, 0 = -v + g + k*g + 28. What is the greatest common factor of v and 57?
19
Let h be (147/(25/(-10) + 3))/1. What is the greatest common factor of 70 and h?
14
Let v(k) = k + 17. Let y be v(-7). Let l be (-279)/45 - (-2)/y. Let f be 2/(l/(-3)) - -35. Calculate the greatest common factor of f and 24.
12
Let l = 69 - 53. Let g be (-2)/((-3)/((-6)/(-4))). Let i be 12/1*8*g. Calculate the highest common divisor of i and l.
16
Suppose b - 34 = -5*m - 10, -3*b = -2*m - 4. Suppose -m*h + y + 67 = 0, h = -5*y + 9 + 34. What is the highest common divisor of 54 and h?
18
Let q be 16/6*(-21)/(-28). Suppose q*o + 240 = 5*n, -n = -2*n + 4*o + 48. What is the greatest common divisor of n and 16?
16
Suppose -4*o = -195 - 257. Suppose -271 = -4*v + o. Suppose 3*f - 69 = v. Calculate the greatest common factor of 5 and f.
5
Let c = -42 - -45. Suppose -c*f = -4*v - 0*f + 184, 0 = 5*f. What is the highest common divisor of 115 and v?
23
Suppose 17*p - 256 = p. Let j be (-3 + 60/p)*40. What is the greatest common factor of j and 12?
6
Let k(h) be the third derivative of -h**4/24 + 11*h**3/2 - 2*h**2. Let x be k(26). Calculate the highest common factor of x and 77.
7
Let o be -170*(-3)/(18/3). Let n be 37 + 12/(-8)*2. What is the greatest common divisor of n and o?
17
Suppose 18 = 2*l - 3*h - 6, -3*l + 4*h + 37 = 0. Let n = 10 + 110. What is the highest common divisor of n and l?
15
Let j be 8/2*(-1 - -5). Suppose -3*t + 0*m + 124 = 2*m, t = -2*m + 36. Let z be t/2 - (0 - 1)*2. What is the highest common divisor of j and z?
8
Let m(d) = 348*d - 127. Let x be m(1). What is the highest common factor of x and 17?
17
Suppose -4 = -17*x + 16*x. Suppose -504 = -x*q - 0*q. Calculate the highest common divisor of 14 and q.
14
Let g = -392 + 590. Calculate the highest common divisor of g and 126.
18
Let p(r) = r**3 + 13*r**2 + 18*r - 4. Let l be p(-11). Calculate the highest common divisor of l and 64.
8
Let v = 38 - 26. Suppose 2*f - v = -r, 4*f - 2*f = -4*r + 36. Calculate the highest common factor of r and 32.
8
Let o be 307 + -3 - (3 - 3). What is the greatest common factor of o and 19?
19
Suppose -5*h + 25 = 5*m - 0, h + 15 = 4*m. Let v be (h - 2)/((-2)/(-4)). Let s = 9 - v. What is the greatest common factor of s and 44?
11
Let r(k) = k + 107. Let d be r(-20). Let y = 5 - 1. Suppose -a + 5*x = 3*a - 131, -2*x = y*a - 110. What is the greatest common factor of d and a?
29
Suppose 11*s = 1433 + 118. What is the greatest common factor of 6 and s?
3
Let m be (-1)/(4/3) - 2196/(-48). Suppose 16 = -f + 3*o - 8*o, -2*f + 28 = -2*o. Calculate the greatest common divisor of f and m.
9
Let x = -48 - -70. Calculate the highest common divisor of 803 and x.
11
Suppose -4*k + 18 = -3*k. Let m = -55 - -217. What is the highest common factor of k and m?
18
Let h be 1/(-3*2/(-252)). Let a = -28 + h. Suppose z + 2*q - 5*q = -a, -4*z - 3*q + 19 = 0. What is the highest common divisor of 2 and z?
1
Suppose 6*d = -10*d + 256. Suppose 0*i = -i + 24. Calculate the greatest common divisor of i and d.
8
Suppose -5*s + 325 = -5*l, l = 4*l + 3. What is the greatest common divisor of s and 16?
16
Suppose -11*c + 71*c - 5751 - 6129 = 0. Let f = -14 + 32. Calculate the greatest common divisor of c and f.
18
Let h = -176 + 180. What is the highest common divisor of 64 and h?
4
Let j be (31 - -3862) + (11 - 3). Calculate the greatest common factor of 83 and j.
83
Suppose -2*y + 32 = 5*s, -3*s = -y - 3 + 8. Suppose 3*v = 7*v - 44. What is the greatest common factor of v and y?
11
Suppose -4*r - 83 = -2*c - 3*r, 4*r = 12. Let n = c - 32. What is the highest common factor of n and 33?
11
Suppose 2*z + z = -j + 25, -z = -2*j - 13. Let u be (-4 + -17 + -3)/(-2). Let b = 33 + u. Calculate the highest common factor of b and z.
9
Suppose 5*y - 254 = 3*b + 83, 271 = 4*y - b. Calculate the greatest common divisor of y and 136.
68
Let h be 2*(-1)/(-1) - -29. Let j = 77 - h. Suppose j + 34 = 4*i. Calculate the greatest common divisor of 4 and i.
4
Suppose 23*d - 14*d = 7047. Calculate the highest common factor of d and 27.
27
Let i = -30 - -5. Let k = i - -29. What is the highest common factor of 44 and k?
4
Let f be -4*(147/(-4))/3 - -1. What is the greatest common factor of f and 125?
25
Suppose -2*c - c - 15 = 0, -h = -2*c - 26. Let w = 118 - 118. Let o be (w - -6)/((-2)/(-8)). Calculate the greatest common factor of o and h.
8
Let p(h) = 35*h + 262. Let r be p(-7). Let v = 17 + 0. Calculate the highest common factor of v and r.
17
Suppose i - 4*i - 12 = 0. Let v be (0 - i) + (15 - 2). Suppose r + 76 - 280 = -3*k, 5*k + 5*r - 340 = 0. Calculate the greatest common factor of k and v.
17
Suppose -z + 4*z - 63 = 0. Let x = 30 - z. Calculate the greatest common factor of 3 and x.
3
Let x(n) = -248*n - 2. Let d be x(-1). Let q = d + -135. Calculate the greatest common factor of 37 and q.
37
Let m(l) = 2*l**2 - l - 1. Let o(c) = -101*c**3 - 3*c - 2 + 0 + 102*c**3. Let u be o(-2). Let v be m(u). Calculate the highest common divisor of v and 5.
5
Let m be -2 + (4 - (0 + -2)). Let t = -75 + 73. Let g be -3*((-15)/9)/(-5)*t. What is the highest common factor of m and g?
2
Suppose 0 = 4*x - 24 - 8. Let u(s) = s + 10. Let b be u(-7). Let c be (b - (0 + 2))/1. What is the highest common divisor of x and c?
1
Let h = -559 - -567. What is the greatest common factor of 188 and h?
4
Let t = 48 + -20. Suppose -4*p = 2*j + 2*j - 24, 4*j = -3*p + 20. Let y be 6/12 + (-18)/p*-3. What is the greatest common factor of y and t?
14
Let k(f) = -f**3 - 4*f**2 + 4*f - 5. Let l be k(-5). Suppose -u = 4, -3*t = -l*t + 5*u + 14. Calculate the greatest common divisor of 22 and t.
2
Let h be 56/12 - 2/3. Suppose 4*b + 4*a - 3*a = 10, -4*b - h*a + 16 = 0. Calculate the highest common divisor of 8 and b.
2
Let z(n) = 76*n**2 + 55*n + 54. Let x be z(-1). What is the highest common divisor of 10 and x?
5
Let h = -19 - -31. Suppose -4*u - 4 + h = 0. Suppose 5*j - 94 = 3*t - t, 0 = -t - u. What is the greatest common divisor of j and 45?
9
Let p be ((-525)/(-14))/((-5)/(-3 - 7)). Calculate the highest common divisor of p and 50.
25
Let l be (-4 - -2) + 19*2. Let h = 40 + -24. Suppose -h = 3*p - 43. Calculate the highest common divisor of p and l.
9
Let p(u) be the second derivative of -63*u**5/10 - u**2/2 + 11*u. Let b be p(-1). Calculate the highest common factor of b and 25.
25
Let m(z) = -4*z**3 + z**2 + z - 4. Let a be m(-4). Let y be (-29)/1 - (13 - 9). Let d = 0 - y. Calculate the greatest common divisor of a and d.
33
Suppose 0 = w - 2*h + 408, -2421 = 4*w + 2*h - 819. Let f = 696 + w. Calculate the highest common factor of f and 42.
42
Suppose -24*w + 17*w = -238. Suppose 6*j + 22 - w = 0. Calculate the highest common factor of 14 and j.
2
Let x(j) = 9*j**3 + 4*j**2 - 10*j - 4. Let b be x(2). Calculate the highest common divisor of 224 and b.
32
Suppose -u - 1230 = -2*m + 230, -4*m - 4*u + 2944 = 0. What is the greatest common divisor of m and 36?
12
Let f be 2/6*(16 + -4). Let q be (15/(-10))/(6/208). Let z = q + 68. Calculate the greatest common divisor of z and f.
4
Let q = -11 - -13. What is the greatest common factor of 6 and q?
2
Let l be 2/4 + 65/2. Let h = 128 + -128. Suppose -5*f + 42 + l = h. Calculate the highest common factor of 10 and f.
5
Suppose 0 = -3*u + 8*u - 25. Suppose -3*h - 4*a + 7 = -5*a, 3*h + u = -2*a. Calculate the highest common divisor of 7 and h.
1
Suppose -5*h - 4*q + 75 = -0*h, -3*h + 5*q = -8. What is the highest common divisor of 143 and h?
11
Suppose 5*t = -2*q + 43 + 6, 2*t + 4*q = 26. Let n be 3879/54 + 1/6. What is the greatest common factor of n and t?
9
Let b be (2/(-5))/(1/(-105)). Let f(o) be the second derivative of -o**3/6 + 39*o**2/2 - 2*o. Let y be f(18). Calculate the highest common divisor of b and y.
21
Suppose 7*p = 8*p + 8. Let a be 2*((-36)/p + -2). Calculate the highest common divisor of 45 and a.
5
Let h(c) = 11*c**2 - 17*c + 5. Let k be h(5). Calculate the highest common divisor of 39 and k.
39
